*5/(-10). Let y be (-3)/((-153)/771) - (-250)/(-2125). What is the highest common factor of k and y?
5
Suppose 10*z - 5*z = -4040. Let b = -796 - z. Calculate the highest common divisor of b and 1128.
12
Let l be (4 - 1)/((-3)/(-8)). Suppose -72*a = -76*a + 8. Let x be a + 4 + 4 - 6. What is the highest common factor of l and x?
4
Suppose 0 = 5*n - 1122 + 42. Suppose 0*x = 12*x - n. Calculate the highest common factor of 18 and x.
18
Suppose -95*c - 6660 = -125*c. Calculate the highest common divisor of c and 7881.
111
Suppose -3*s - 5*t + 2920 = -3*t, 3*s + t = 2918. Suppose -8*b - b = -s. Calculate the highest common divisor of 24 and b.
12
Let m(i) = -i**3 + 12*i**2 + i - 9. Let h be m(12). Suppose h*u + 101 = 209. Calculate the greatest common divisor of u and 4.
4
Let l(m) = -2*m**2 + 29*m - 102. Let n be l(9). Let r = n + 42. Let d = 74 + -22. What is the highest common factor of d and r?
13
Suppose -8*u - 925 = -229. Let n = -63 - u. Calculate the greatest common factor of n and 36.
12
Suppose 128*l - 104*l - 48 = 0. Let i be (-4)/2*l*33/(-2). What is the greatest common factor of i and 143?
11
Let h = 5205 - 2730. What is the greatest common factor of h and 90?
45
Let t(h) = 2*h**2 - 146*h + 2586. Let z be t(26). What is the highest common factor of z and 16?
2
Let g be (318/7)/((-28)/(-196)). Suppose -913 = -7*k - g. Calculate the greatest common factor of 17 and k.
17
Let p be (-13)/(78/(-3492)) - 7. Calculate the highest common divisor of p and 125.
25
Let z be 1/(287/42 + -7) + (2 - -148). What is the highest common divisor of 6228 and z?
36
Let j be (2/4)/(302/67648). Calculate the highest common divisor of 28 and j.
28
Suppose -223*k + 211*k + 83 + 421 = 0. What is the greatest common divisor of 1701 and k?
21
Let v be (-24)/(-14) + -2 - 4294/14. Let d = v - -697. Calculate the highest common divisor of d and 39.
39
Suppose 1220 = 15*j - 355. Suppose 11*z + j = 6*z. Let c = 26 + z. What is the greatest common divisor of c and 5?
5
Suppose 0 = 15*t - 0*t - 120. Suppose 11*m - t*m - 12 = 0. What is the greatest common factor of m and 376?
4
Let l be ((-142)/7)/((-8)/(-56)). Let x = 222 + l. What is the highest common divisor of x and 15?
5
Suppose 8*w = 42 + 70. Let n(o) = o**2 - 11*o - 23. Let g be n(w). Calculate the highest common factor of g and 1.
1
Let t be 1*4/8*(-72)/2. Let c be t/((-4)/8*3). What is the highest common factor of c and 96?
12
Suppose -9*u = -3*u - 16710. What is the highest common divisor of u and 5?
5
Suppose 0 = -934*h + 940*h - 1122. Let f be ((-4)/6)/(4/(-132)). Calculate the highest common divisor of h and f.
11
Suppose 28*g = 70*g - 3612. Calculate the greatest common factor of g and 1.
1
Let i(f) = -10*f**2 + 539*f - 981. Let d be i(52). Let p be (-3)/(((-15)/28)/5). What is the highest common factor of d and p?
7
Let b be (1 + -1)/(117/13 + -12). Suppose n = 2*w - 410, -3*w + 4*n + 625 = -b*n. Calculate the highest common divisor of w and 261.
29
Let d be -3*(-5)/3 + 96. Calculate the greatest common divisor of d and 8.
1
Suppose o + 18138 = 3*x, -5*o + 10 = -20. Calculate the greatest common factor of x and 112.
112
Suppose -36*c + 5332 = -32*c. Suppose 907 + c = 16*p. Calculate the highest common divisor of p and 80.
20
Let b be ((-42551)/(-255) + 2/15)*2. Let p = b - 278. Calculate the greatest common divisor of p and 70.
14
Let w be (26/130 - (-1)/((-5)/(-569))) + -6. What is the highest common factor of w and 297?
27
Suppose 349*k - 1170 = 336*k. Let f(p) = p**3 - 5*p**2 + 8*p - 16. Let x be f(8). Calculate the greatest common divisor of x and k.
30
Let z be 38/(-20) + 2 - (15 + 2254470/(-300)). Calculate the highest common factor of 36 and z.
12
Let x be 20/(-16)*12*(-1)/3. Suppose x*b - 54 = a, 0 = 6*b - b - 5*a - 50. What is the highest common factor of 1089 and b?
11
Let d be 57 - (21/(-6))/(-7)*0. What is the greatest common factor of d and 3211?
19
Suppose 3*d + 3*w - 358 = d, -3*d - 5*w + 536 = 0. Let u be (13 + -11)*(-2 - (-5 - 11)). What is the greatest common factor of u and d?
14
Suppose 29*o = -j + 25*o + 1843, 5*j - 9107 = -2*o. What is the greatest common factor of 17 and j?
17
Let p be 99 + ((-231)/44)/3*2*2. What is the highest common factor of p and 184?
92
Let n be 5920/3 + (-96)/(-144). What is the greatest common divisor of n and 70?
14
Let s be 4/(-3)*39/13. Let k be (13/2*5)/((-2)/s). Let o be 6360/k + 4/26. Calculate the greatest common divisor of 14 and o.
14
Suppose -212 = -46*x - 120. Calculate the greatest common factor of x and 3294.
2
Let r(w) = 23*w - 45. Let h be r(27). Let o(s) = -2*s - 14. Let x be o(-16). What is the greatest common factor of x and h?
18
Let w be (-3 - 591)/((-1)/(-5)). Let h be ((-88)/(-3))/2*w/(-44). Calculate the highest common factor of h and 10.
10
Let x(b) be the second derivative of 23/2*b**2 - 14*b - 1/3*b**3 + 0. Let z be x(8). What is the highest common divisor of z and 7?
7
Suppose 0 = -6*p - 0*p + 6. Let v(g) = 19*g - 2. Let d be v(p). Let x be 131*1 + (d - 13). Calculate the highest common divisor of x and 15.
15
Let x(l) = 2*l**3 + 62*l**2 - l + 3. Let w be x(-31). Suppose 36*q = 9*q + 3213. What is the highest common divisor of q and w?
17
Let z be (4/(-3))/((-32)/480). What is the greatest common factor of z and 452?
4
Let d(z) be the third derivative of -6*z**3 + 0*z + 1/12*z**4 + 0 - 17*z**2. Let r be d(23). Calculate the highest common divisor of r and 1.
1
Let c(f) = -62*f - 129. Let u be c(-14). Suppose u + 29 = 8*s. What is the greatest common factor of 24 and s?
24
Let p(r) = r**2 - 16*r + 53. Let h be p(12). Suppose 4*m = 2*m + 6. Calculate the highest common factor of h and m.
1
Let j = -173 + 169. Let s be j - (-1584)/30 - (-4)/(-5). What is the greatest common divisor of 192 and s?
48
Let n = -173 + 233. Let m = 75 - n. Calculate the greatest common divisor of m and 15.
15
Let p be 8/56 + (-1203432)/(-56). What is the highest common factor of 70 and p?
70
Suppose 0 = 2*z + 3*l - 1285 - 930, -z - 4*l = -1120. Calculate the greatest common divisor of z and 4675.
275
Let k = -160 + 117. Suppose j - 2*x + 71 = 2*x, -2*j - 128 = -x. Let g = k - j. Calculate the greatest common divisor of 80 and g.
20
Suppose -3*b - 1285 - 2465 = 0. Let a = 1890 + b. Calculate the greatest common factor of 20 and a.
20
Let p(j) = j**3 - 13*j**2 - 32*j - 12. Let y be p(15). Let h = -36 - y. What is the highest common factor of 48 and h?
6
Suppose -94644 + 30766 = -82*t. Calculate the greatest common divisor of t and 38.
19
Let m(g) = 3*g**3 - 3*g**2 - 5*g + 3. Let h be m(3). Let s(x) = x + 13. Suppose 49 = -8*w + w. Let o be s(w). Calculate the greatest common factor of h and o.
6
Let w(s) = -s**3 - 83*s**2 - s - 15. Let f be w(-83). What is the highest common divisor of 6885 and f?
17
Let k be 85*((-231)/21 - 228/(-20)). Suppose 0 = z + 3*z - 544. Calculate the highest common divisor of z and k.
34
Suppose b + 3*b = 4. Suppose -326 = -230*z + 5424. Calculate the highest common factor of b and z.
1
Let g = 6440 + -5080. What is the highest common factor of g and 170?
170
Let n = 142 - 136. Suppose -5*c = -5*l - 30, -2*l - 28 = -4*c + 3*l. Calculate the highest common divisor of n and c.
2
Let k(z) = 155*z**3 - 7*z**2 + 11*z - 3. Let g be k(1). What is the highest common divisor of 1131 and g?
39
Let w(z) = -17*z - 369. Let f be w(-30). What is the greatest common factor of f and 4371?
141
Let x = 6758 + -6601. Calculate the highest common factor of 6751 and x.
157
Suppose 5*r + 5*v = 15, r - 9 = -0*r - 3*v. Let a be r/15 + 1*-13*-1. Let j be (2 - -13)*a/39. What is the highest common divisor of j and 35?
5
Suppose 9*r - 9*r = 2*r - 3502. What is the highest common divisor of 68 and r?
17
Let s(p) = 9*p**2 - 70*p - 59. Let n be s(9). Suppose -2*b = -4*b + 40. Calculate the highest common factor of b and n.
20
Let h = 163 + -131. Suppose -50 + h = -3*u. Suppose -29 = -2*m + b, -2*m - 3*b = 3*m - 45. What is the greatest common divisor of m and u?
6
Suppose 27*j = 31643 + 135406. Calculate the highest common factor of 23 and j.
23
Suppose -167*i + 772875 - 26634 + 5760 = 0. What is the greatest common divisor of 114 and i?
57
Let x = -7883 + 8052. Calculate the highest common factor of 13689 and x.
169
Suppose -9*v - 2835 = -3*o - 4*v, 0 = 